{"id":60,"date":"2017-12-14T09:40:18","date_gmt":"2017-12-14T09:40:18","guid":{"rendered":"http:\/\/ltzs.dev.gauss-it.com:11000\/?page_id=60"},"modified":"2023-03-01T11:13:34","modified_gmt":"2023-03-01T10:13:34","slug":"roviden","status":"publish","type":"page","link":"http:\/\/ltzs.hu\/index.php\/roviden\/","title":{"rendered":"R\u00f6viden"},"content":{"rendered":"<p>Mindenkinek m\u00e1s a megfelel\u0151 pillanat, nem vagyunk egyform\u00e1k&#8230;..Szerencs\u00e9re. Az \u00e9n munk\u00e1m, hogy a legjobb pillanatot megtal\u00e1ljam, csak azt tudom \u00e1tadni neked amit \u00e9n l\u00e1tok, ehez mindketten kell\u00fcnk&#8230;.Te hogy megadd \u00e9s \u00e9n hogy lekapjam azt a pillanatot. K\u00f6sz\u00f6n\u00f6m hogy megadt\u00e1tok, megadj\u00e1tok a lehet\u0151s\u00e9get.<br \/>\nMagamr\u00f3l: Tal\u00e1n nem is az a fontos hogy hol \u00e9lek \u00e9s h\u00e1ny \u00e9ves vagyok, az\u00e9rt r\u00f6viden: Sz\u0151dligeten \u00e9lek a f\u00e9rjemmel \u00e9s iker fiainkkal -\u0150k sokszor felbukkannak a k\u00e9peimen-. K\u00f6zvetlen szomsz\u00e9daink a n\u0151v\u00e9rem csal\u00e1dja \u00e9s az \u00e9desap\u00e1m, &#8222;karny\u00fajt\u00e1snyira&#8221; pedig f\u00e9rjem n\u00e9pes csal\u00e1dja. Fiaim sz\u00fclet\u00e9se ut\u00e1n elv\u00e9geztem egy alap szint\u0171 fot\u00f3s iskol\u00e1t, \u00e9s ut\u00e1na nem volt meg\u00e1ll\u00e1s&#8230;beleszerettem, k\u00f6vetkezett egy professzion\u00e1lis k\u00e9pz\u00e9s, photoshop \u00e9s sz\u00e1mtalan workshop. 2017-ben okj-s k\u00e9pz\u00e9s keret\u00e9ben Fotogr\u00e1fus \u00e9s fot\u00f3term\u00e9k keresked\u0151 v\u00e9gzets\u00e9get szereztem. (Okj sorsz\u00e1m: CXB C 650408). Szerencs\u00e9snek tartom magam hogy azok k\u00f6z\u00e9 az emberek k\u00f6z\u00e9 tartozhatok akik elmondhatj\u00e1k hogy szeretik a munk\u00e1jukat.<\/p>\n<p>k\u00f6sz\u00f6n\u00f6m<\/p>\n<p><img loading=\"lazy\" decoding=\"async\" class=\"alignnone size-medium wp-image-50\" src=\"http:\/\/ltzs.dev.gauss-it.com:11000\/wp-content\/uploads\/2017\/12\/317A8923wp-300x200.jpg\" alt=\"\" width=\"300\" height=\"200\" srcset=\"http:\/\/ltzs.hu\/wp-content\/uploads\/2017\/12\/317A8923wp-300x200.jpg 300w, http:\/\/ltzs.hu\/wp-content\/uploads\/2017\/12\/317A8923wp-768x512.jpg 768w, http:\/\/ltzs.hu\/wp-content\/uploads\/2017\/12\/317A8923wp-1024x683.jpg 1024w, http:\/\/ltzs.hu\/wp-content\/uploads\/2017\/12\/317A8923wp.jpg 1800w\" sizes=\"(max-width: 300px) 100vw, 300px\" \/><br \/>\nLunczer-Tak\u00e1cs Zsuzsanna<\/p>\n","protected":false},"excerpt":{"rendered":"<p>Mindenkinek m\u00e1s a megfelel\u0151 pillanat, nem vagyunk egyform\u00e1k&#8230;..Szerencs\u00e9re. Az \u00e9n munk\u00e1m, hogy a legjobb pillanatot megtal\u00e1ljam, csak azt tudom \u00e1tadni neked amit \u00e9n l\u00e1tok, ehez mindketten kell\u00fcnk&#8230;.Te hogy megadd \u00e9s \u00e9n hogy lekapjam azt a pillanatot. K\u00f6sz\u00f6n\u00f6m hogy megadt\u00e1tok, megadj\u00e1tok a lehet\u0151s\u00e9get. Magamr\u00f3l: Tal\u00e1n nem &hellip; <a href=\"http:\/\/ltzs.hu\/index.php\/roviden\/\" class=\"more-link\"><span>Continue reading<span class=\"screen-reader-text\">R\u00f6viden<\/span><\/span><\/a><\/p>\n","protected":false},"author":1,"featured_media":0,"parent":0,"menu_order":0,"comment_status":"closed","ping_status":"closed","template":"","meta":{"footnotes":""},"_links":{"self":[{"href":"http:\/\/ltzs.hu\/index.php\/wp-json\/wp\/v2\/pages\/60"}],"collection":[{"href":"http:\/\/ltzs.hu\/index.php\/wp-json\/wp\/v2\/pages"}],"about":[{"href":"http:\/\/ltzs.hu\/index.php\/wp-json\/wp\/v2\/types\/page"}],"author":[{"embeddable":true,"href":"http:\/\/ltzs.hu\/index.php\/wp-json\/wp\/v2\/users\/1"}],"replies":[{"embeddable":true,"href":"http:\/\/ltzs.hu\/index.php\/wp-json\/wp\/v2\/comments?post=60"}],"version-history":[{"count":4,"href":"http:\/\/ltzs.hu\/index.php\/wp-json\/wp\/v2\/pages\/60\/revisions"}],"predecessor-version":[{"id":579,"href":"http:\/\/ltzs.hu\/index.php\/wp-json\/wp\/v2\/pages\/60\/revisions\/579"}],"wp:attachment":[{"href":"http:\/\/ltzs.hu\/index.php\/wp-json\/wp\/v2\/media?parent=60"}],"curies":[{"name":"wp","href":"https:\/\/api.w.org\/{rel}","templated":true}]}}